4 - (-6 - (-13 + 10))?
4
What is 4 - (-2 + -32 - (-148 - -120))?
10
What is 1 + -70 + (-3976 - -4047)?
2
What is the value of (9 + -1 - (-28 + 8 + 1 + 18)) + -25?
-16
-165 + (-1 - 3 - -4) - (27 - 38)
-154
(-1 - -18) + -164 + (-138 - -161)
-124
What is (2 + 9 - 16) + -8 - (3 + -5)?
-11
What is (-166 - 9) + 427 + -337?
-85
Calculate -6 - (-6 + -16 + -3 + 2 + -10).
27
-1 + 1 + 7 - (-70 - (18 - (82 + -25)))
38
What is 8 + (12 - 24 - (-13 + 3)) + -9 - 71?
-74
What is the value of 8 + 1 + 413 + -456?
-34
What is the value of 47 + (-47 - 1) - 26?
-27
Calculate 45 - (-7 + (-6 - -12)) - 7.
39
Evaluate (12 - (26 + -16)) + 32.
34
What is the value of 10 + 1 + -82 + 115 + 16?
60
What is the value of 40 - (-9 + 3 + 10 + -1) - 7?
30
What is (41 - 28 - -23) + -14?
22
144 + -25 - (54 + 29)
36
What is the value of -4 + (4 + 27 - (-7 + 1 + 5)) + -6?
22
What is -2 - 24 - ((4 - -4) + 2) - -5?
-31
What is (-44 - -29) + -4 + 1 + 7 + (3 - -2)?
-6
Calculate (-287 - -251) + (1 + -2 - (22 + -25)).
-34
What is 19 + -8 - (-4 - (-10 - (12 - 8))) - 0?
1
Evaluate (20 - 32) + 8 + -18 + -4 + 1.
-25
What is 7 + (81 - ((18 - 3) + (-123 - -105)))?
91
Calculate 13 - (13 + (-11 - -11)) - (5 - -4).
-9
What is 3 - (2 + 78 + -2 + -120 + 128)?
-83
93 + -6 + (-57 - -15)
45
What is the value of -66 - -31 - -50 - 43?
-28
-1 - -4 - ((2 - 12) + 25) - -60
48
What is -3302 + 3278 + (-3 - 34)?
-61
Evaluate 19 + 0 + 3 + -33 + 58.
47
-23 + -4 + 8 + -4 + (-2 - -7)
-18
45 - (-47 + (76 - -87))
-71
Calculate -27 + 35 - ((2 - 3) + 4) - 18.
-13
Calculate (-81 - (23 - 66)) + 23 + -1 + 79.
63
Evaluate 24 - (-4 + (15 + -6 + -1 - -2)).
18
Calculate (-3 - -33) + -34 - (-22 + -1) - -77.
96
Evaluate (24 - 1) + 843 + -834.
32
Evaluate (1 + (-3 - 35) - -7) + 9 + -1 + 1.
-21
Evaluate (-136 - (48 + -326)) + -134.
8
Calculate 12 - -58 - (231 + -160).
-1
19 - (-21 - (-6 - 7)) - 11
16
Calculate 67 - 3 - (-486 - -586).
-36
Calculate (-20 - 22) + 54 - ((5 + 0 - 0) + 87).
-80
Evaluate (-91 - -3 - -92) + (-51 - (-1 + -1 + 2)).
-47
Calculate -5 + (12 - -9 - 24) - -9.
1
What is the value of (-22 - -4) + -35 + (-4 - (-5 + -9))?
-43
What is the value of 321 + -320 + (10 - 8 - (12 - 0)) - 14?
-23
Evaluate (36 - 113 - -54) + 4.
-19
What is the value of 5 + -90 - ((46 - (52 - 22)) + -2 + -6)?
-93
Evaluate (-32 + 53 - -3) + (-1 - -1) + 9 + -10.
23
What is the value of -51 - (-37 - 59) - -107?
152
What is the value of (-7 - -3 - (-1 + -6 + -3 - -16)) + 36?
26
What is (68 - 43) + 49 + -12?
62
Evaluate -51 + 1 + (19 - 18) + -24 + -12 + 27.
-58
-12 - 6 - (-45 + 27)
0
-50 + -8 + (-6 - -10) + 1 + 2 + -3
-54
1 + -15 + 0 + (69 - 10)
45
Evaluate 37 + -173 - (6 - (4 - -16 - (-8 - -17))).
-131
-4 + -6 - -5 - (14 - (-34 - 31))
-84
Evaluate 12 + (-34 - -1) + (79 - 11).
47
Calculate (-55 - (9 - 124)) + -113.
-53
Calculate 310 + -288 - (19 - -2) - -59.
60
Evaluate 3 - -9 - (401 + -449).
60
5 - (-4 + -20 + -1 + (14 - 11))
27
Calculate (6 + 69 - ((-10 + -4 - -1) + 17)) + 5.
76
Calculate 54 - (-141 - -255 - 3).
-57
What is the value of 2 + -13 + -4 - -1 - -25?
11
What is the value of -115 - (-31 + 30 + -54 + 30)?
-90
What is the value of -45 + 9 + 3 - -5 - -12 - (9 - 0)?
-25
What is the value of -42 + 62 - ((23 - 21) + (-45 - -1))?
62
Calculate -3 + -3 + 2 + -3 - (-287 + 239).
41
What is 41 + -83 + 86 + -2?
42
Evaluate -5 + (6 + 4 - 3) + -1 - -23.
24
10 + -14 + (-21 - 7)
-32
What is the value of -1 + -41 + 33 + 51 + 57?
99
What is -9 - 1 - (0 - 50 - (-1796 + 1743))?
-13
What is the value of -103 + 36 + (-6 - -6) + -10 + -1?
-78
What is the value of 1 - 7 - (18 + -16 + 8 + -12 - 50)?
46
What is the value of (27 - (88 + -20) - -186) + -34?
111
(5057 - 5059) + ((-1 - 1) + 1 - -24)
21
Evaluate 14 - (-1 - (-12 - 2) - ((92 - -47) + -17)).
123
What is -30 + -15 + (-18 - -4 - (-30 + 21) - -16)?
-34
What is the value of (-116 - -4) + 114 - 12?
-10
What is -5 - ((71 - (7 - 2)) + 19 + -25) - -1?
-64
What is the value of -2784 + 2765 - (2 - 3 - -23)?
-41
Evaluate (49 + -5 - 45) + -41.
-42
Evaluate -13 + -39 + 69 - 33 - -20.
4
What is the value of 121 + -6 + -52 + (1 - 21)?
43
(-115 - -50) + -27 - 6
-98
What is (-5 - (-8 + 14)) + (39 - (13 + -10 - -2))?
23
Evaluate 4 + (-10 + 15 - 15) + 7 + -12.
-11
What is the value of 864 + -840 + -1 + 9?
32
What is (1 - -40) + (-785 - -793)?
49
Calculate (-11 - 1 - -5 - -3) + (4 - 3) + -2.
-5
What is -21 + 77 - 23 - 64?
-31
What is the value of (18 - (29 + -7)) + (0 - 53) + 0?
-57
What is -76 + 16 + -25 - (-1 - 25)?
-59
What is 23 + (-3 - -19 - -13 - 36)?
16
Calculate (-1260 - -1228) + (80 - 3).
45
(21 - -1) + (13 - (-23 - -27 - (3 - 0)))
34
What is the value of 1439 + -1409 - (0 - -25) - (79 + -3)?
-71
(24 - (-32 + 72)) + 41 + -3
22
Calculate (18 - 45 - -48) + (1 - 11) + (-2 - 3).
6
Calculate 73 + -50 - 11 - (-2 - -27).
-13
-34 + -1 - (5 - (6 - -1 - (-149 - -142)))
-26
What is 55 + 5 - (5 + 23) - -15?
47
Evaluate 7 + 65 + (3 - 3) + 17 + 15 + -2.
102
Evaluate (3 - 1) + 15 + (6174 - 6177).
14
Calculate -38 + (-27 - 17) - -9.
-73
Evaluate -8 + (-32 - 9 - -23).
-26
What is the value of 12 - 37 - -18 - -25 - -25?
43
(8 - 18) + 13 - (17 - (3 - -9)) - 117
-119
Calculate 42 + (4 - 69) - -50.
27
Evaluate -13 + 2 + (-10 - 0 - (38 + (-64 - -55))).
-50
What is -52 + (32 - 29 - 26) + 28?
-47
Evaluate (-1 - ((-17 - -8) + (1 - 0))) + 15.
22
Calculate 86 + 59 + 88 + -328.
-95
Evaluate 5 - 102 - -107 - ((59 + 1 - 1) + -1).
-48
What is (-190 - -146) + -7 + 78?
27
What is -16 + -21 + (3 - 9 - -13)?
-30
What is the value of -2 + -12 + 12 + -47 + (-10 - -12)?
-47
Calculate -55 + 83 + 31 + -117.
-58
Evaluate 0 + -20 + (-18 - -36) - -18.
16
Calculate (-129 - -197) + 36 - 93.
11
What is the value of -40 - (25 + (26 - 21) - -2)?
-72
(1 - -1) + 42 + (-43 - -30) - 15
16
Evaluate (462 - 389) + 5 + -35.
43
Evaluate (-2 - 51) + (11 - 0) + (-6 + -27 - -30).
-45
Evaluate 45 - (-4 + 61 + 30).
-42
What is the value of 64 + (-26 - 30) + -17 + -1?
-10
Evaluate -1 - 15 - (30 + -22 + 4 + 14 + -14).
-28
Evaluate (0 - -29) + -47 + (0 + -12 - -82).
52
Evaluate (6 - (27 - 13)) + -41 - -12.
-37
Evaluate 4 - (55 + -1 - (6 + -9 - (86 - 90))).
-49
(3120 - 3080) + (-58 - 1)
-19
Calculate (-40 + 11 - 44) + 5 + -1 + 12.
-57
Calculate -6 + (-2 - (-1 - 59)) + 15 + (-3 - 19).
45
Evaluate 47 + -55 + -5 + 7.
-6
Calculate (1 - (0 - 2)) + 0 - (128 + -158 + 54).
-21
(-47 - (25 - 33)) + 14
-25
Calculate -32 + 24 - (3 - 6) - (-1 + -12) - -15.
23
Evaluate 3 - -8 - (-37 + (-18 - (16 + -24))).
58
What is the value of 130 - (28 + -23 - (10 - -14 - 10))?
139
(-61 - -109) + -22 - 5
21
23 - (-42 + 12 - -30)
23
Evaluate -15 + 39 - (54 - (24 + -17)).
-23
What is the value of 349 - 312 - (-1 + 0 + 12)?
26
Calculate -20 - (-2 - -31) - -1.
-48
10 - ((-27 - -4 - 5) + (3 + -4 - 4))
43
52 - (48 - 22) - (-49 - -73)
2
Calculate -69 - (-64 - (-109 + 125)).
11
Evaluate (2 - (1 + -74)) + (261 - 274) + -9.
53
Evaluate 11 - (0 - 1) - (-41 - -218 - 225).
60
Evaluate -2 + 7 - -9 - (293 - 277).
-2
(94 - 149) + 0 - -102
47
(3 - (34 + 53 + 0 + -6)) + (16 - 8)
-70
Calculate (-1089 - -1085) + (1 - 28).
-31
324 - 275 - (-35 - (-1 - -1))
84
What is (2307 - 2212) + (-63 - 0)?
32
-43 + (-33 - -14 - -39) + 0 + -2
-25
What is the value of -52 - (-15 + -7 - -1)?
-31
Calculate -195 + (430 - 255) - (-1 + -85).
66
What is (44 - 127) + 168 + (7 - 12)?
80
What is the value of 50 + (54 - 155) + 4?
-47
Calculate (-14 - (14 - (-6 - -14))) + (3 - 6).
-23
Evaluate 12 - (-13 - (131 - (22 - (13 + (-9 - -12))))).
150
What is the value of (-40 - (51 - -62) - (5 + -1 - 8)) + 3?
-146
What is the value of 38 + (-195 - (-2 + -16 - 6))?
-133
(1 - 2) + (756 - 718) + 1
38
What is the value of 0 + (46 - (33 - -8) - (-1 + -1))?
7
What is -2 - (0 - 89) - (15037 + -15022)?
72
What is the value of -9 + -105 + (-16 - -41 - 37)?
-126
Calculate 0 + -12 + 30 + -12 - -5 - -107.
118
Evaluate -8 - (1 - 2) - (74 + -159 + 124).
-46
What is the value of 44 + -141 + (29 - -15)?
-53
-7 - (-24 - (14 + -16) - 16)
31
Evaluate 206 + -210 - (0 + (0 - -43)).
-47
What is the value of -7 + -2 + -7 + 33 + 35?
52
Calculate -19 + -11 + 1 - (22 + (16 - 33)).
-34
Calculate (15 + -34 + 2 - -17) + -9 + -12.
-21
Evaluate -86 + 192 + -122 + 42 + -1 - 170.
-145
Evaluate 26 - (48 - (6 - -36)).
20
Evaluate 191 + -91 + -16 - (-1 + 31).
54
Calculate (-7962 - -7965) 